6. What is the greatest common divisor of i and c?
7
Suppose 29 = n - 26. Suppose -4*u + 31 = -w - 9, 0 = -w + 4. Calculate the highest common factor of u and n.
11
Suppose -10*g = -3*g - 140. What is the highest common divisor of 80 and g?
20
Suppose 0 = -f + 7*f - 90. What is the highest common factor of 15 and f?
15
Let v(p) = -p**3 + 9*p**2 - 7*p + 6. Let g be v(8). What is the greatest common divisor of g and 154?
14
Suppose 2*y + 5*c = 4*y + 65, y + 32 = 2*c. Let o be 20/y - 1144/(-6). What is the greatest common factor of o and 19?
19
Let j be -2*(-1 + 2 + -3). Calculate the highest common divisor of 36 and j.
4
Let i = -30 - -57. Let w = 16 + -7. Calculate the greatest common factor of w and i.
9
Let b be 124/12 - (-1)/(-3). Suppose -o = s + 1, o = 4*o - 4*s - 32. Calculate the highest common divisor of o and b.
2
Suppose 0 = -v + 6*v. Suppose 2*p - 266 = -0*s - 4*s, 0 = 5*s + 4*p - 340. Suppose v = 3*n + n - s. Calculate the greatest common factor of 32 and n.
16
Let v(s) = s + 35. Let f = 8 - 8. Let o be (f/5)/(1 - -1). Let y be v(o). What is the greatest common divisor of y and 5?
5
Let o = 19 - 16. Calculate the highest common divisor of 3 and o.
3
Suppose 3*d - 48 = 18. Calculate the greatest common factor of 2 and d.
2
Let p(i) = -i**2 - 6*i. Let j be p(-6). Suppose 0 = -j*y + 3*y - 36. Calculate the highest common divisor of 60 and y.
12
Suppose 2*o - 4*v = -7*v + 159, 5*v = -o + 97. Calculate the highest common factor of o and 9.
9
Let m = 6 - 2. Suppose m*w - 3 = 9. What is the greatest common divisor of 33 and w?
3
Let m(d) = d**3 + 4*d**2 + d + 1. Let z be m(-3). What is the highest common factor of 49 and z?
7
Let d(q) = -3*q**2. Let i be d(-2). Let w(s) = 3*s - 17. Let l be w(i). Let j = -25 - l. What is the highest common divisor of 70 and j?
14
Let h be -3*(-2)/6*11. Let g(o) = -o**2 + 12*o + 8. Let f be g(-8). Let j = f - -240. Calculate the highest common factor of h and j.
11
Suppose -79 - 61 = -4*y. Calculate the greatest common factor of 35 and y.
35
Suppose -39 = 4*g - 251. Suppose 0 = -o + 15 + g. What is the highest common factor of o and 17?
17
Suppose -3*t = 22 + 5. Let u be (-1 + -13)/(-11 - t). What is the highest common factor of u and 7?
7
Let r = -12 - -6. Let l(d) = 7*d**2 + 4*d - 6 - 2*d**3 - 1 + 3*d**3. Let x be l(r). Calculate the highest common factor of 35 and x.
5
Let b(j) be the second derivative of j**5/20 + 2*j**4/3 + 11*j**3/6 - 3*j**2/2 + j. Let k be b(-5). What is the greatest common factor of k and 68?
17
Suppose -2*i + 14 - 2 = 0. What is the greatest common factor of i and 54?
6
Let c be (-141)/(-6) + (6/(-4))/(-3). What is the highest common divisor of 168 and c?
24
Let y be (-40)/((-12)/3) - 1. What is the greatest common divisor of 81 and y?
9
Suppose 5*r - 4*f - 109 = 319, -4*f = -3*r + 260. Calculate the highest common divisor of 14 and r.
14
Let i = 32 + -51. Suppose t + 19 = -w - 17, 3*w = 4*t + 109. Let b = i - t. Calculate the highest common divisor of 84 and b.
12
Suppose 0 = h - g + 5*g - 27, -5*h + g = -219. What is the greatest common divisor of h and 43?
43
Let w be (8/10)/(2/50). Let k = 554 - -246. Let y be (-21)/(-4)*k/30. Calculate the greatest common divisor of y and w.
20
Let u(x) be the first derivative of 3*x**2/2 - x - 2. Let k be u(3). Let t be (k/5)/(-4)*-10. Calculate the highest common divisor of t and 20.
4
Suppose -b + 67 = 11. Calculate the greatest common divisor of 7 and b.
7
Suppose -3*g + 63 = -72. Let r = -12 - -17. Suppose 10*p - r = 9*p. Calculate the greatest common factor of g and p.
5
Let w(j) = -j**2 - j. Let v be w(2). Let l(t) = t**3 + 6*t**2 + 4. Let c be l(v). Calculate the greatest common divisor of c and 1.
1
Let h = 5 - 3. Suppose -h*b = -b. Suppose 0*m = -2*m - 3*i + 99, b = 4*i + 12. What is the greatest common factor of m and 6?
6
Suppose -2*j - 26 = -4*l, j - 4*j - 75 = 3*l. Let g be (-12)/(-21) + (-93)/j. What is the greatest common factor of 40 and g?
5
Let d be ((-1)/(-2))/(2/(-4)). Let m = d - -7. What is the highest common divisor of 54 and m?
6
Let c(l) = -l**2 - 4*l**2 + 4*l**2 - 3 + 7*l. Let g be c(4). Calculate the greatest common divisor of 27 and g.
9
Suppose 2 = 2*x, -s = -2*s - 4*x + 30. What is the highest common factor of 13 and s?
13
Let t(m) = -m + 4. Let d be t(-3). Let g(o) = -o**3 + 7*o**2 + 1. Let i be g(d). Calculate the greatest common factor of 1 and i.
1
Suppose -3*p = -63 - 39. Suppose p = 3*n + 2*l, -2*l + 7*l + 48 = 2*n. Suppose -2*q + s = -85, -s + 0 - 1 = 0. What is the greatest common factor of n and q?
14
Let r be ((-9)/36)/((-1)/8). Let w be 666/24 - r/(-8). What is the greatest common factor of w and 70?
14
Let k = -115 + 136. Suppose 2*j - 16 = -2*p + 148, j = 5*p - 422. Calculate the greatest common factor of k and p.
21
Let c = 1 - -2. Suppose 2*z = c*z - 15. Calculate the greatest common factor of z and 15.
15
Let z = 95 - 67. Suppose -2*r - i = -5*r + 5, i + 6 = 4*r. Suppose -r = v - 43. What is the greatest common divisor of v and z?
14
Suppose 88 = 10*t + 8. What is the highest common divisor of 128 and t?
8
Let z be (-17*3)/((-12)/8). What is the highest common divisor of z and 17?
17
Let k = 10 + 0. Let j = 1 + k. Let r be 85 - -2*3/2. Calculate the highest common divisor of r and j.
11
Let c = 170 + -106. Calculate the highest common divisor of c and 32.
32
Let k = 192 - -267. Calculate the greatest common factor of k and 27.
27
Let x = -4 + 9. Suppose -x*o - 2*n + 14 = -11, -5 = -o + 3*n. Let r be (2/4)/(3/90). Calculate the greatest common factor of r and o.
5
Let v be ((-5)/3)/((-1)/3). Let y = v - 10. Let d be 1 + -1*(y - -2). Calculate the highest common divisor of 8 and d.
4
Let k be 4/10 - 126/(-10). Let d be ((-3)/(-3) - 2) + 9. Let a = k - d. What is the greatest common factor of a and 45?
5
Let h(b) = -10*b**2 + b + 1. Let i be ((-4)/(-6))/(4/12). Let f be h(i). Let g = -9 - f. What is the greatest common divisor of 7 and g?
7
Let j(f) = f**3 - 12*f**2 - 13*f + 2. Let d be j(13). Let z be (1 - d)*(-10)/2. Calculate the highest common factor of z and 5.
5
Suppose 4*p = 3*p + 16. What is the highest common divisor of 112 and p?
16
Let d be 392/12 - 1/(-3). Let p = 60 - d. Let k = p - 18. What is the greatest common factor of k and 36?
9
Let c be 0 - -3 - (-7 + -6). Let k = 3 - -21. Calculate the highest common factor of k and c.
8
Let p be 1/4 + (-15)/(-4). Let z(r) = 5*r - 72. Let q be z(20). What is the greatest common factor of q and p?
4
Let g = 445 + -317. Let b be -1 + (0 + 2)/2. Suppose b = -4*d + d - 9, 13 = t + d. What is the highest common divisor of g and t?
16
Suppose -j = 5*k - 14, 18 = 4*k - j + 5. Suppose -b + k*b - 64 = 0. Let y(q) = -14*q - 4. Let g be y(-6). What is the highest common factor of b and g?
16
Suppose -5 = m - 3*q - 0, -2*q + 40 = 3*m. Calculate the highest common divisor of m and 40.
10
Suppose 0 = 4*x - 47 - 17. Let h = -34 - -58. Let p be h/10 - (-2)/(-5). What is the greatest common factor of x and p?
2
Suppose -5*i - 2*z = -54, 5*i + 3*z - 51 = -0*z. Let b be ((-8)/20)/((-1)/240). What is the greatest common factor of i and b?
12
Let q be -6*1 + (-8 - -6). Let j be ((-18)/q)/(1/4). Calculate the greatest common factor of 27 and j.
9
Suppose -3*h + 46 = 5*r, 0*r - 3*h + 2 = r. What is the greatest common divisor of r and 11?
11
Let i = -107 - -108. What is the highest common factor of i and 32?
1
Let p = -84 - -152. Let f(v) = -2*v - 6. Let w be f(-4). Suppose 1 = w*j - j + 4*h, -8 = 2*h. What is the highest common factor of p and j?
17
Suppose m = 5*m - 4. Let g be 26 - m - (-1 + 0). Let b(i) = -i**3 + 7*i**2 + 2*i - 9. Let u be b(6). Calculate the highest common divisor of g and u.
13
Suppose 5*u - 359 = 791. Suppose 4*w = -4*d + 397 + 119, 5*w + 2*d = 651. Let l = u - w. What is the highest common factor of 11 and l?
11
Let f be (26 + 2)/(3/3). Calculate the highest common factor of f and 4.
4
Let o = -29 + 73. Let b = -25 + 41. Let u be b/(-10)*(-10)/4. Calculate the highest common factor of u and o.
4
Let j(s) = 3*s. Let z be j(2). Let d(x) = z - 7*x + x**3 + 7*x**2 - 10*x + 8*x - 2. Let y be d(-8). What is the greatest common factor of y and 96?
12
Let y = 1 - -1. Let d = 3 + -1. What is the highest common factor of d and y?
2
Let b = -3 + 4. 